{"id":1816,"date":"2023-07-12T20:11:32","date_gmt":"2023-07-13T01:11:32","guid":{"rendered":"https:\/\/amancaydeoro.com\/?page_id=1816"},"modified":"2024-06-11T12:31:09","modified_gmt":"2024-06-11T17:31:09","slug":"categoriaperiodismo","status":"publish","type":"page","link":"https:\/\/amancaydeoro.com\/index.php\/categoriaperiodismo\/","title":{"rendered":"categoriaPeriodismo"},"content":{"rendered":"<p>[et_pb_section fb_built=\u00bb1&#8243; _builder_version=\u00bb4.21.0&#8243; _module_preset=\u00bbdefault\u00bb min_height_tablet=\u00bb\u00bb min_height_phone=\u00bb100px\u00bb min_height_last_edited=\u00bbon|phone\u00bb height_tablet=\u00bb\u00bb height_phone=\u00bb178px\u00bb height_last_edited=\u00bbon|phone\u00bb max_height_tablet=\u00bb\u00bb max_height_phone=\u00bb1000px\u00bb max_height_last_edited=\u00bbon|phone\u00bb custom_margin=\u00bb||||false|false\u00bb custom_margin_tablet=\u00bb||||false|false\u00bb custom_margin_phone=\u00bb-77px||||false|false\u00bb custom_margin_last_edited=\u00bbon|desktop\u00bb global_colors_info=\u00bb{}\u00bb][et_pb_row _builder_version=\u00bb4.21.0&#8243; _module_preset=\u00bbdefault\u00bb width_tablet=\u00bb\u00bb width_phone=\u00bb100%\u00bb width_last_edited=\u00bbon|phone\u00bb max_width_tablet=\u00bb\u00bb max_width_phone=\u00bb1920%\u00bb max_width_last_edited=\u00bbon|phone\u00bb global_colors_info=\u00bb{}\u00bb][et_pb_column type=\u00bb4_4&#8243; _builder_version=\u00bb4.21.0&#8243; _module_preset=\u00bbdefault\u00bb global_colors_info=\u00bb{}\u00bb][dsm_perspective_image src=\u00bbhttps:\/\/amancaydeoro.com\/wp-content\/uploads\/2023\/07\/Categoria-Periodismo.png\u00bb title_text=\u00bbCategor\u00eda-Periodismo\u00bb _builder_version=\u00bb4.21.0&#8243; _module_preset=\u00bbdefault\u00bb global_colors_info=\u00bb{}\u00bb][\/dsm_perspective_image][\/et_pb_column][\/et_pb_row][\/et_pb_section][et_pb_section fb_built=\u00bb1&#8243; _builder_version=\u00bb4.21.0&#8243; _module_preset=\u00bbdefault\u00bb global_colors_info=\u00bb{}\u00bb][et_pb_row _builder_version=\u00bb4.21.0&#8243; _module_preset=\u00bbdefault\u00bb module_alignment=\u00bbcenter\u00bb custom_margin=\u00bb-70px||||false|false\u00bb custom_margin_tablet=\u00bb-70px||||false|false\u00bb custom_margin_phone=\u00bb-2px||||false|false\u00bb custom_margin_last_edited=\u00bbon|desktop\u00bb global_colors_info=\u00bb{}\u00bb][et_pb_column type=\u00bb4_4&#8243; _builder_version=\u00bb4.21.0&#8243; _module_preset=\u00bbdefault\u00bb global_colors_info=\u00bb{}\u00bb][et_pb_text content_tablet=\u00bb<\/p>\n<p>OTORGADO AL MEJOR TRABAJO DE INFORMACI\u00d3N E INVESTIGACI\u00d3N SOBRE EL APORTE DE<br \/>LA INDUSTRIA DE BODAS AL CRECIMIENTO DEL PA\u00cdS Y SOBRE EL IMPACTO SOCIAL Y<br \/>ECON\u00d3MICO QUE TENDR\u00cdA EL TURISMO DE ROMANCE EN EL PER\u00da<\/p>\n<p>\u00bb content_phone=\u00bb<\/p>\n<p>OTORGADO AL MEJOR TRABAJO<br \/>DE INFORMACI\u00d3N E INVESTIGACI\u00d3N<br \/>SOBRE EL APORTE DE LA INDUSTRIA<br \/>DE BODAS AL CRECIMIENTO DEL<br \/>PA\u00cdS Y SOBRE EL IMPACTO<br \/>SOCIAL Y ECON\u00d3MICO QUE<br \/>TENDR\u00cdA EL TURISMO DE<br \/>ROMANCE EN EL PER\u00da<\/p>\n<p>\u00bb content_last_edited=\u00bbon|phone\u00bb _builder_version=\u00bb4.21.0&#8243; _module_preset=\u00bbdefault\u00bb text_font=\u00bbRaleway|700|||||||\u00bb text_font_size=\u00bb19px\u00bb text_font_size_tablet=\u00bb19px\u00bb text_font_size_phone=\u00bb14px\u00bb text_font_size_last_edited=\u00bbon|phone\u00bb text_orientation_tablet=\u00bb\u00bb text_orientation_phone=\u00bbleft\u00bb text_orientation_last_edited=\u00bbon|phone\u00bb global_colors_info=\u00bb{}\u00bb]<\/p>\n<p>OTORGADO AL MEJOR TRABAJO DE INFORMACI\u00d3N E INVESTIGACI\u00d3N SOBRE EL APORTE DE<br \/>LA INDUSTRIA DE BODAS AL CRECIMIENTO DEL PA\u00cdS Y SOBRE EL IMPACTO SOCIAL Y<br \/>ECON\u00d3MICO QUE TENDR\u00cdA EL TURISMO DE ROMANCE EN EL PER\u00da<\/p>\n<p>[\/et_pb_text][et_pb_text content_tablet=\u00bb<\/p>\n<p>Desde nuestro sector, la CAPEV, reconoce la labor del periodista al comunicar lo mejor de <br \/>nuestra cultura organizacional. Este evento es una oportunidad para decirles gracias a nuestros <br \/>amigos periodistas por difundir las potencialidades de esta industria, la misma que genera <br \/>recursos a aproximadamente un mill\u00f3n de peruanos. El Per\u00fa es un pa\u00eds que vive de fiesta en <br \/>fiesta, por su cultura y costumbres, solo necesitamos mostrarnos al mundo.<\/p>\n<p>El premio El Amancay de Oro, Categor\u00eda Periodismo, se enfocar\u00e1 en reconocer el trabajo de los <br \/>profesionales de periodismo que destaquen el trabajo de la industria de eventos en el Per\u00fa.<\/p>\n<p>\u00bb content_phone=\u00bb<\/p>\n<p>Desde nuestro sector, la CAPEV,<br \/>reconoce la labor del periodista al<br \/>comunicar lo mejor de nuestra<br \/>cultura organizacional.<br \/>Este evento es una oportunidad<br \/>para decirles gracias a nuestros<br \/>amigos periodistas por difundir las<br \/>potencialidades de esta industria,<br \/>la misma que genera recursos a<br \/>aproximadamente un mill\u00f3n de<br \/>peruanos.<br \/>El Per\u00fa es un pa\u00eds que vive de<br \/>fiesta en fiesta, por su cultura y<br \/>costumbres, solo necesitamos<br \/>mostrarnos al mundo.<\/p>\n<p>El premio El Amancay de Oro,<br \/>Categor\u00eda Periodismo, se enfocar\u00e1<br \/>en reconocer el trabajo de los<br \/>profesionales de periodismo que<br \/>destaquen el trabajo de la<br \/>industria de eventos en el Per\u00fa.<\/p>\n<p>\u00bb content_last_edited=\u00bbon|phone\u00bb _builder_version=\u00bb4.25.1&#8243; _module_preset=\u00bbdefault\u00bb text_font=\u00bbRaleway||||||||\u00bb global_colors_info=\u00bb{}\u00bb]<\/p>\n<p>Desde nuestro sector, la CAPEV, reconoce la labor del periodista al comunicar lo mejor de<br \/>nuestra cultura organizacional. Este evento es una oportunidad para decirles gracias a nuestros<br \/>amigos periodistas por difundir las potencialidades de esta industria, la misma que genera<br \/>recursos a aproximadamente un mill\u00f3n de peruanos. El Per\u00fa es un pa\u00eds que vive de fiesta en<br \/>fiesta, por su cultura y costumbres, solo necesitamos mostrarnos al mundo.<\/p>\n<p>El premio El Amancay de Oro, Categor\u00eda Periodismo, se enfocar\u00e1 en reconocer el trabajo de los<br \/>profesionales de periodismo que destaquen el trabajo de la industria de eventos en el Per\u00fa.<\/p>\n<p>[\/et_pb_text][et_pb_text content_tablet=\u00bb<\/p>\n<p>BASES<\/p>\n<p>1. Finalidad<\/p>\n<p>Distinguir un trabajo de periodismo, en cualquiera de las categor\u00edas admitidas por el concurso<br \/>(televisi\u00f3n, radio, prensa escrita, prensa digital), y que fundamentalmente tenga los siguientes<br \/>atributos:<\/p>\n<p>a. Que haya puesto en evidencia una problem\u00e1tica y\/o oportunidad social econ\u00f3mica relevante, y<br \/>donde se demuestre el reconocimiento a la comunidad de profesionales de eventos.<\/p>\n<p>b. Que, en su desarrollo, el periodista haya desplegado de manera ejemplar uno o varios valores<br \/>period\u00edsticos fundamentales. Por ejemplo, independencia, comportamiento \u00e9tico, esfuerzo<br \/>de b\u00fasqueda y verificaci\u00f3n, talento, honor y coraje; incluido el necesario para defender su<br \/>libertad de expresi\u00f3n.<\/p>\n<p>2. Postulantes<br \/>2.1 Se premia a un periodista, no al medio.<\/p>\n<p>2.2 Puede ser otorgado a concursantes de los g\u00e9neros de reportaje o a periodistas que postulen o sean<br \/>postulados directamente a esta categor\u00eda.<\/p>\n<p>2.3 Postulan periodistas de cualquier nacionalidad laborando o colaborando en medios<br \/>asentados en el Per\u00fa o en el extranjero, siempre y cuando sus reportajes traten sobre<br \/>eventos peruanos.<\/p>\n<p>3. Postulaciones<\/p>\n<p>Los trabajos de los postulantes se enviar\u00e1n al correo prensa@amancaydeoro.com<\/p>\n<p>3.1 Ser\u00e1 evaluado un reportaje, realizado por uno o m\u00e1s periodistas, publicados hasta el 20 de enero de 2024. Pueden ser reportajes o cr\u00f3nicas escritos,radiales, digitales,<br \/>televisivos, etc.<\/p>\n<p>3.2 Alternativamente, el jurado podr\u00e1 evaluar una labor informativa id\u00f3nea, en cuyo<br \/>desarrollo se hayan puesto en evidencia, de modo sobresaliente, los valores reconocidos<br \/>por el Premio El Amancay de Oro.<\/p>\n<p>3.3 Las postulaciones deber\u00e1n ser presentadas \u00fanicamente por el propio interesado,<br \/>mencionando el medio en el que se encuentra laborando.<\/p>\n<p>3.4 Los postulantes de cualquiera de los reportajes autom\u00e1ticamente pasar\u00e1n a ser<br \/>candidatos al Premio El Amancay de Oro si figuran en la lista de finalistas.<\/p>\n<p>3.5 El postulante se inscribe en la p\u00e1gina web https:\/\/amancaydeoro.com y luego recibir\u00e1<br \/>un correo electr\u00f3nico que confirmar\u00e1 su inscripci\u00f3n y se le solicitar\u00e1 el env\u00edo de lo<br \/>siguiente, seg\u00fan el caso:<\/p>\n<p>a. Un trabajo period\u00edstico publicado destacando la labor de los profesionales de<br \/>eventos, resaltando los m\u00e9ritos del mismo y la raz\u00f3n por la que considera debe ganar el<br \/>premio El Amancay de Oro, Categor\u00eda Periodismo. El trabajo debe ser enviado seg\u00fan las<br \/>especificaciones t\u00e9cnicas detalladas porcategor\u00eda en estas Bases (periodismo escrito,<br \/>televisivo, radial, fotograf\u00eda y c\u00e1mara period\u00edstica).<\/p>\n<p>b. Una narraci\u00f3n publicada indicando el medio, adem\u00e1s de su transcripci\u00f3n en Word de<br \/>la actuaci\u00f3n period\u00edstica que se postula al Premio El Amancay de Oro. En este caso el<br \/>documento debe especificar la manera en que se pusieron en pr\u00e1ctica los valores que<br \/>este premio distingue (ver punto 1.b)<\/p>\n<p>c. Los trabajos periodisticos se enviaran al correo <a href=%22mailto:prensa@amancaydeoro.com%22>prensa@amancaydeoro.com<\/a><\/p>\n<p>4. Evaluaci\u00f3n<\/p>\n<p>4.1 El Jurado estar\u00e1 integrado por el Consejo Directivo de CAPEV.<\/p>\n<p>4.2 Los Jurados recibir\u00e1n, con una anticipaci\u00f3n de diez d\u00edas a la votaci\u00f3n la informaci\u00f3n<br \/>necesaria para emitir su voto. Las propuestas al concurso entregados hasta el <span>20 de enero<\/span> ser\u00e1n evaluadas por el jurado y los nombres de los semi finalistas ser\u00e1n<br \/>publicados el <span>14 de junio<\/span>. El jurado se reserva el derecho de solicitar informaci\u00f3n<br \/>adicional.<\/p>\n<p>4.3 La lista de los cinco nominados (finalistas) al premio El Amancay de Oro,<br \/>evaluados entre los semi finalistas, ser\u00e1 publicada el <span>01 de marzo.<\/span><\/p>\n<p>4.4 Los cinco nominados ser\u00e1n invitados a la Cena de Gala de Premiaci\u00f3n que se realizar\u00e1<br \/>el <span>17 de abril<\/span> en el Hotel JW Marriott Lima, donde se anunciar\u00e1 al ganador del<br \/>Premio El Amancay de Oro, Categor\u00eda Periodismo.<\/p>\n<p>\u00bb content_phone=\u00bb<\/p>\n<p>BASES<\/p>\n<p>1. Finalidad<\/p>\n<p>Distinguir un trabajo de periodismo, en cualquiera de las categor\u00edas admitidas por el concurso<br \/>(televisi\u00f3n, radio, prensa escrita, prensa digital), y que fundamentalmente tenga los siguientes<br \/>atributos:<\/p>\n<p>a. Que haya puesto en evidencia una problem\u00e1tica y\/o oportunidad social econ\u00f3mica relevante, y<br \/>donde se demuestre el reconocimiento a la comunidad de profesionales de eventos.<\/p>\n<p>b. Que, en su desarrollo, el periodista haya desplegado de manera ejemplar uno o varios valores<br \/>period\u00edsticos fundamentales. Por ejemplo, independencia, comportamiento \u00e9tico, esfuerzo<br \/>de b\u00fasqueda y verificaci\u00f3n, talento, honor y coraje; incluido el necesario para defender su<br \/>libertad de expresi\u00f3n.<\/p>\n<p>2. Postulantes<br \/>2.1 Se premia a un periodista, no al medio.<\/p>\n<p>2.2 Puede ser otorgado a concursantes de los g\u00e9neros de reportaje o a periodistas que postulen o sean<br \/>postulados directamente a esta categor\u00eda.<\/p>\n<p>2.3 Postulan periodistas de cualquier nacionalidad laborando o colaborando en medios<br \/>asentados en el Per\u00fa o en el extranjero, siempre y cuando sus reportajes traten sobre<br \/>eventos peruanos.<\/p>\n<p>3. Postulaciones<\/p>\n<p>3.1 Ser\u00e1 evaluado un reportaje, realizado por uno o m\u00e1s periodistas, publicados hasta el 10 de junio de 2024. Pueden ser reportajes o cr\u00f3nicas escritos,radiales, digitales,<br \/>televisivos, etc.<\/p>\n<p>3.2 Alternativamente, el jurado podr\u00e1 evaluar una labor informativa id\u00f3nea, en cuyo<br \/>desarrollo se hayan puesto en evidencia, de modo sobresaliente, los valores reconocidos<br \/>por el Premio El Amancay de Oro.<\/p>\n<p>3.3 Las postulaciones deber\u00e1n ser presentadas \u00fanicamente por el propio interesado,<br \/>mencionando el medio en el que se encuentra laborando.<\/p>\n<p>3.4 Los postulantes de cualquiera de los reportajes autom\u00e1ticamente pasar\u00e1n a ser<br \/>candidatos al Premio El Amancay de Oro si figuran en la lista de finalistas.<\/p>\n<p>3.5 El postulante se inscribe en la p\u00e1gina web <a href=%22https:\/\/amancaydeoro.com%22>https:\/\/amancaydeoro.com<\/a> hasta el 13 de junio y luego recibir\u00e1<br \/>un correo electr\u00f3nico que confirmar\u00e1 su inscripci\u00f3n y se le solicitar\u00e1 el env\u00edo de lo<br \/>siguiente, seg\u00fan el caso:<\/p>\n<p>a. Un trabajo period\u00edstico publicado destacando la labor de los profesionales de<br \/>eventos, resaltando los m\u00e9ritos del mismo y la raz\u00f3n por la que considera debe ganar el<br \/>premio El Amancay de Oro, Categor\u00eda Periodismo. El trabajo debe ser enviado seg\u00fan las<br \/>especificaciones t\u00e9cnicas detalladas porcategor\u00eda en estas Bases (periodismo escrito,<br \/>televisivo, radial, fotograf\u00eda y c\u00e1mara period\u00edstica).<\/p>\n<p>b. Una narraci\u00f3n publicada indicando el medio, adem\u00e1s de su transcripci\u00f3n en Word de<br \/>la actuaci\u00f3n period\u00edstica que se postula al Premio El Amancay de Oro. En este caso el<br \/>documento debe especificar la manera en que se pusieron en pr\u00e1ctica los valores que<br \/>este premio distingue (ver punto 1.b)<\/p>\n<p>c. Los trabajos periodisticos se enviaran al correo <a href=%22mailto:prensa@amancaydeoro.com%22>prensa@amancaydeoro.com<\/a><\/p>\n<p>4. Evaluaci\u00f3n<\/p>\n<p>4.1 El Jurado estar\u00e1 integrado por el Consejo Directivo de CAPEV, un representante de USIL, un representante IADWP y PROMPERU.<\/p>\n<p>4.2 Las propuestas al concurso entregados hasta el <span>10 de junio<\/span> ser\u00e1n evaluadas por el jurado y los nombres de los finalistas ser\u00e1n<br \/>publicados el 20 <span>de junio<\/span>. El jurado se reserva el derecho de solicitar informaci\u00f3n<br \/>adicional.<\/p>\n<p>4.3 La lista de los tres nominados (finalistas) al premio El Amancay de Oro ser\u00e1 publicada el 2<span>1 de junio.<\/span><\/p>\n<p>4.4 Los tres nominados ser\u00e1n invitados a la Cena de Gala de Premiaci\u00f3n que se realizar\u00e1<br \/>el 28<span>\u00a0de abril<\/span> en el Hotel JW Marriott Lima, donde se anunciar\u00e1 al ganador del<br \/>Premio El Amancay de Oro, Categor\u00eda Periodismo.<\/p>\n<p>\u00bb content_last_edited=\u00bbon|phone\u00bb _builder_version=\u00bb4.25.1&#8243; _module_preset=\u00bbdefault\u00bb text_font=\u00bbRaleway||||||||\u00bb hover_enabled=\u00bb0&#8243; global_colors_info=\u00bb{}\u00bb sticky_enabled=\u00bb0&#8243;]<\/p>\n<p><strong>BASES<\/strong><\/p>\n<ol><\/ol>\n<p><strong>1. Finalidad<\/strong><br \/>\u2022 Distinguir un trabajo de periodismo (televisi\u00f3n, radio, prensa escrita, prensa digital), sobre el aporte de la industria de bodas y eventos sociales al desarrollo del Per\u00fa.<br \/>\u2022 Resaltar el potencial de esta industria para dinamizar muchas otras industrias.<br \/>\u2022 Promover el gran potencial del Per\u00fa en el desarrollo de las bodas de destino y turismo de romance.<\/p>\n<p>Para ello, el proyecto debe tener principalmente siguientes atributos:<\/p>\n<p>a. Que haya puesto en evidencia una problem\u00e1tica y\/o oportunidad social econ\u00f3mica relevante, y donde se demuestre el reconocimiento a la comunidad de profesionales de eventos.<br \/>b. Que, en su desarrollo, el periodista haya desplegado de manera ejemplar uno o varios valores period\u00edsticos fundamentales. Por ejemplo, independencia, comportamiento \u00e9tico, esfuerzo de b\u00fasqueda y verificaci\u00f3n, talento, honor y coraje; incluido el necesario para defender su libertad de expresi\u00f3n.<\/p>\n<p><strong>2. Postulantes<\/strong><br \/>2.1 Se premia a un periodista, no al medio.<br \/>2.2 Puede ser otorgado a concursantes de los g\u00e9neros de reportaje o cr\u00f3nica a periodistas que postulen o sean postulados directamente a esta categor\u00eda.<br \/>2.3 Postulan periodistas de cualquier nacionalidad laborando o colaborando en medios asentados en el Per\u00fa o en el extranjero, siempre y cuando sus reportajes traten sobre eventos peruanos.<\/p>\n<p><strong>3. Postulaciones<\/strong><\/p>\n<p><strong>Los trabajos de los postulantes se enviar\u00e1n al correo <a href=\"mailto:prensa@amancaydeoro.com\">prensa@amancaydeoro.com<\/a><\/strong><br \/>3.1 Ser\u00e1 evaluado un reportaje o cr\u00f3nica realizado por uno o m\u00e1s periodistas publicados hasta el 10 de junio de 2024. Pueden ser reportajes o cr\u00f3nicas escritos, radiales, digitales, televisivos, etc.<br \/>3.2 Alternativamente, el jurado podr\u00e1 evaluar una labor informativa id\u00f3nea, en cuyo<br \/>desarrollo se hayan puesto en evidencia, de modo sobresaliente, los valores reconocidos por el Premio El Amancay de Oro.<br \/>3.3 Las postulaciones deber\u00e1n ser presentadas \u00fanicamente por el propio interesado,<br \/>mencionando el medio en el que se encuentra laborando.<br \/>3.4 Los postulantes de cualquiera de los reportajes o cr\u00f3nicas autom\u00e1ticamente pasar\u00e1n a ser candidatos al Premio El Amancay de Oro.<br \/>3.5 El postulante debe inscribirse en la p\u00e1gina web <a href=\"https:\/\/amancaydeoro.com\/index.php\/inscripcion\/\">https:\/\/amancaydeoro.com\/index.php\/inscripcion\/<\/a> el 13 de junio 2024 y luego recibir\u00e1 un correo electr\u00f3nico que confirmar\u00e1 su inscripci\u00f3n y se le solicitar\u00e1 el env\u00edo de lo siguiente, seg\u00fan el caso:<br \/>a. Un trabajo period\u00edstico publicado destacando la labor de los profesionales de eventos, resaltando los m\u00e9ritos del mismo y la raz\u00f3n por la que considera debe ganar el premio El Amancay de Oro, Categor\u00eda Periodismo. El trabajo debe ser enviado seg\u00fan las especificaciones t\u00e9cnicas detalladas por categor\u00eda en estas Bases (periodismo escrito, televisivo, radial, fotograf\u00eda y c\u00e1mara period\u00edstica).<br \/>b. Una narraci\u00f3n publicada indicando el medio, adem\u00e1s de su transcripci\u00f3n en Word de la actuaci\u00f3n period\u00edstica que se postula al Premio El Amancay de Oro. En este caso el documento debe especificar la manera en que se pusieron en pr\u00e1ctica los valores que este premio distingue (ver punto 1.b)<br \/>c. Los trabajos period\u00edsticos se enviar\u00e1n al correo prensa@amancaydeoro.com<br \/><strong>4. Evaluaci\u00f3n<\/strong><br \/>4.1 El Jurado estar\u00e1 integrado por el Consejo Directivo de CAPEV y tres (03) integrantes invitados.<br \/>4.2 Los Jurados recibir\u00e1n, con una anticipaci\u00f3n de 7 d\u00edas a la votaci\u00f3n, la informaci\u00f3n necesaria para emitir su voto. Las propuestas al concurso entregados hasta el 10 de junio ser\u00e1n evaluadas por el jurado y los nombres de los finalistas ser\u00e1n publicados el 14 de junio. El jurado se reserva el derecho de solicitar informaci\u00f3n adicional.<br \/>4.3 La lista de los tres (03) nominados (finalistas) al premio El Amancay de Oro,<br \/>ser\u00e1 publicada el 18 de junio.<br \/>4.4 Los tres (03) nominados ser\u00e1n invitados a la Cena de Gala de Premiaci\u00f3n que se realizar\u00e1 el d\u00eda 28 de junio en el JW Marriott Lima Hotel, donde se anunciar\u00e1 al ganador del Premio El Amancay de Oro, Categor\u00eda Periodismo.<\/p>\n<p><strong>5. Premio<\/strong><br \/>El ganador recibir\u00e1 los siguientes premios:<br \/>\u2022 La estatuilla El Amancay de Oro.<br \/>\u2022 Un certificado de Ganador.<br \/>\u2022 Los dem\u00e1s dos finalistas recibir\u00e1n un certificado de nominaci\u00f3n.<br \/>\u2022 Mentor\u00eda de emprendimiento e innovaci\u00f3n en la Escuela BEC (escuelabec.com).<\/p>\n<p>En el caso de resultar ganadores los reportajes o cr\u00f3nicas realizados con el apoyo de colegas periodistas (no m\u00e1s de dos), cada periodista recibir\u00e1 un certificado de ganador y la estatuilla ser\u00e1 entregada al postulante.<\/p>\n<p><strong>6. Condiciones<\/strong><br \/>6.1 El postulante acepta estas Bases al momento de inscribirse.<br \/>6.2 Los organizadores pueden reproducir los trabajos enviados para efectos de<br \/>divulgaci\u00f3n y exaltaci\u00f3n del trabajo period\u00edstico, reconociendo su autor\u00eda.<br \/>6.3 Los organizadores no devolver\u00e1n los materiales enviados.<\/p>\n<p><strong>7. Consultas<\/strong><br \/>Los organizadores del premio atienden consultas a trav\u00e9s del correo electr\u00f3nico<br \/>concurso@amancaydeoro.com<\/p>\n<p>[\/et_pb_text][\/et_pb_column][\/et_pb_row][\/et_pb_section]<\/p>\n","protected":false},"excerpt":{"rendered":"<p><div class=\"et_pb_module dsm_perspective_image dsm_perspective_image_0\">\n\t\t\t\t\n\t\t\t\t\n\t\t\t\t\n\t\t\t\t\n\t\t\t\t\n\t\t\t\t\n\t\t\t\t<div class=\"et_pb_module_inner\">\n\t\t\t\t\t<div class=\"dsm-perspective-image-wrapper et_always_center_on_mobile\">\n\t\t\t\t\n\t\t\t\t\n\t\t\t\t<span class=\"et_pb_image_wrap \"><img decoding=\"async\" src=\"https:\/\/amancaydeoro.com\/wp-content\/uploads\/2023\/07\/Categoria-Periodismo.png\" alt=\"\" title=\"Categor\u00eda-Periodismo\" \/><\/span>\n\t\t\t<\/div>\n\t\t\t\t<\/div>\n\t\t\t<\/div>OTORGADO AL MEJOR TRABAJO DE INFORMACI\u00d3N E INVESTIGACI\u00d3N SOBRE EL APORTE DELA INDUSTRIA DE BODAS AL CRECIMIENTO DEL PA\u00cdS Y SOBRE EL IMPACTO SOCIAL YECON\u00d3MICO QUE TENDR\u00cdA EL TURISMO DE ROMANCE EN EL PER\u00daDesde nuestro sector, la CAPEV, reconoce la labor del periodista al comunicar lo mejor denuestra cultura organizacional. [&hellip;]<\/p>\n","protected":false},"author":1,"featured_media":0,"parent":0,"menu_order":0,"comment_status":"closed","ping_status":"closed","template":"","meta":{"_et_pb_use_builder":"on","_et_pb_old_content":"","_et_gb_content_width":"","footnotes":""},"class_list":["post-1816","page","type-page","status-publish","hentry"],"_links":{"self":[{"href":"https:\/\/amancaydeoro.com\/index.php\/wp-json\/wp\/v2\/pages\/1816","targetHints":{"allow":["GET"]}}],"collection":[{"href":"https:\/\/amancaydeoro.com\/index.php\/wp-json\/wp\/v2\/pages"}],"about":[{"href":"https:\/\/amancaydeoro.com\/index.php\/wp-json\/wp\/v2\/types\/page"}],"author":[{"embeddable":true,"href":"https:\/\/amancaydeoro.com\/index.php\/wp-json\/wp\/v2\/users\/1"}],"replies":[{"embeddable":true,"href":"https:\/\/amancaydeoro.com\/index.php\/wp-json\/wp\/v2\/comments?post=1816"}],"version-history":[{"count":46,"href":"https:\/\/amancaydeoro.com\/index.php\/wp-json\/wp\/v2\/pages\/1816\/revisions"}],"predecessor-version":[{"id":2764,"href":"https:\/\/amancaydeoro.com\/index.php\/wp-json\/wp\/v2\/pages\/1816\/revisions\/2764"}],"wp:attachment":[{"href":"https:\/\/amancaydeoro.com\/index.php\/wp-json\/wp\/v2\/media?parent=1816"}],"curies":[{"name":"wp","href":"https:\/\/api.w.org\/{rel}","templated":true}]}}